14 (base 10) to base 12
-12
What is -1 (base 13) in base 3?
-1
100 (base 7) to base 4
301
-1b5 (base 14) to base 13
-214
Convert -27 (base 11) to base 16.
-1d
-3 (base 5) to base 13
-3
What is b (base 16) in base 9?
12
Convert -100 (base 2) to base 4.
-10
Convert 2d (base 14) to base 10.
41
1013 (base 4) to base 14
51
What is -11000 (base 2) in base 14?
-1a
What is 103 (base 4) in base 10?
19
Convert 2 (base 3) to base 13.
2
Convert 25 (base 8) to base 13.
18
Convert -88 (base 10) to base 12.
-74
32 (base 7) to base 8
27
3a (base 13) to base 16
31
d4 (base 14) to base 10
186
Convert -21 (base 5) to base 10.
-11
4 (base 6) to base 4
10
Convert 6d (base 15) to base 4.
1213
-6 (base 10) to base 15
-6
Convert 30 (base 8) to base 2.
11000
Convert 2 (base 13) to base 7.
2
-5 (base 12) to base 15
-5
What is -122 (base 3) in base 2?
-10001
0 (base 11) to base 16
0
Convert -1 (base 8) to base 5.
-1
Convert -aa (base 12) to base 15.
-8a
What is 4 (base 8) in base 2?
100
Convert -2 (base 5) to base 15.
-2
Convert -155 (base 10) to base 14.
-b1
Convert 0 (base 13) to base 7.
0
What is 8 (base 15) in base 9?
8
-1000 (base 2) to base 14
-8
Convert 22 (base 7) to base 14.
12
What is 3 (base 15) in base 10?
3
-1 (base 4) to base 5
-1
What is -3 (base 4) in base 14?
-3
What is 0 (base 11) in base 15?
0
Convert 55 (base 16) to base 11.
78
26 (base 10) to base 6
42
5 (base 11) to base 15
5
Convert -12 (base 12) to base 11.
-13
2 (base 14) to base 16
2
What is 12211 (base 3) in base 10?
157
-104 (base 8) to base 13
-53
What is 10100 (base 2) in base 4?
110
Convert -1010011 (base 2) to base 14.
-5d
111 (base 5) to base 9
34
What is -4 (base 11) in base 2?
-100
Convert -21 (base 6) to base 10.
-13
What is -2 (base 15) in base 5?
-2
Convert -363 (base 8) to base 13.
-159
11 (base 3) to base 16
4
-301 (base 7) to base 3
-12111
What is -74 (base 14) in base 15?
-6c
Convert -8 (base 11) to base 2.
-1000
-b (base 15) to base 6
-15
Convert 5 (base 9) to base 11.
5
What is 143 (base 13) in base 11?
194
What is -2 (base 7) in base 15?
-2
Convert -4 (base 13) to base 8.
-4
-11 (base 13) to base 7
-20
2 (base 16) to base 2
10
What is -6 (base 16) in base 3?
-20
27 (base 14) to base 15
25
What is 2 (base 7) in base 3?
2
3 (base 9) to base 6
3
What is 42 (base 11) in base 9?
51
What is 5 (base 13) in base 4?
11
What is -9 (base 15) in base 14?
-9
b9 (base 13) to base 15
a2
Convert -18 (base 11) to base 5.
-34
Convert -1 (base 14) to base 7.
-1
What is -28 (base 16) in base 4?
-220
Convert -4 (base 6) to base 4.
-10
Convert 1351 (base 6) to base 5.
2410
Convert 75 (base 8) to base 2.
111101
0 (base 6) to base 9
0
What is 5 (base 8) in base 3?
12
What is 22 (base 8) in base 14?
14
Convert -5 (base 8) to base 6.
-5
-a (base 14) to base 8
-12
Convert cc (base 15) to base 8.
300
Convert 3 (base 14) to base 8.
3
What is -1 (base 7) in base 14?
-1
-14 (base 9) to base 14
-d
-11 (base 3) to base 13
-4
-5 (base 7) to base 10
-5
5a (base 14) to base 13
62
What is 10 (base 10) in base 14?
a
Convert 13 (base 5) to base 8.
10
What is 1120 (base 4) in base 3?
10021
What is e (base 15) in base 12?
12
What is 0 (base 11) in base 6?
0
-1000 (base 2) to base 6
-12
3 (base 13) to base 15
3
What is -11 (base 5) in base 7?
-6
Convert -10011100 (base 2) to base 7.
-312
Convert -3 (base 4) to base 12.
-3
11 (base 9) to base 15
a
What is -230 (base 10) in base 7?
-446
-92 (base 13) to base 4
-1313
Convert 2 (base 12) to base 2.
10
What is 214 (base 6) in base 2?
1010010
Convert c (base 15) to base 2.
1100
What is 2 (base 4) in base 7?
2
What is -105 (base 7) in base 16?
-36
Convert 1 (base 6) to base 8.
1
-4 (base 10) to base 6
-4
-2 (base 8) to base 7
-2
Convert 5 (base 6) to base 14.
5
Convert -3 (base 6) to base 12.
-3
What is -101 (base 5) in base 6?
-42
-6 (base 15) to base 12
-6
Convert 0 (base 9) to base 2.
0
What is 21 (base 9) in base 13?
16
What is 5 (base 7) in base 6?
5
100 (base 5) to base 3
221
Convert 151 (base 6) to base 13.
52
-b (base 13) to base 9
-12
Convert 121 (base 11) to base 2.
10010000
What is -a (base 13) in base 4?
-22
Convert 13 (base 7) to base 13.
a
-120 (base 13) to base 2
-11000011
Convert -60 (base 8) to base 4.
-300
Convert 56 (base 15) to base 8.
121
Convert -150 (base 11) to base 9.
-215
What is -2 (base 9) in base 14?
-2
2 (base 3) to base 13
2
Convert 13b (base 14) to base 4.
3321
3 (base 10) to base 9
3
100001 (base 2) to base 4
201
What is 5 (base 8) in base 2?
101
What is 12 (base 5) in base 16?
7
What is d (base 14) in base 4?
31
What is -13 (base 13) in base 16?
-10
67 (base 15) to base 9
117
Convert 101 (base 2) to base 14.
5
-3 (base 13) to base 2
-11
1 (base 3) to base 4
1
What is 41 (base 9) in base 15?
27
Convert -14 (base 10) to base 5.
-24
Convert 242 (base 7) to base 9.
152
What is -4 (base 9) in base 2?
-100
-10 (base 4) to base 14
-4
Convert 16 (base 11) to base 5.
32
-30 (base 5) to base 3
-120
4 (base 8) to base 10
4
What is 12 (base 3) in base 13?
5
Convert -23 (base 12) to base 16.
-1b
-10001 (base 2) to base 10
-17
-14 (base 10) to base 12
-12
What is 21 (base 10) in base 7?
30
c (base 14) to base 8
14
What is 4 (base 13) in base 8?
4
7 (base 8) to base 14
7
-3 (base 15) to base 14
-3
4c (base 14) to base 7
125
Convert 5 (base 7) to base 12.
5
What is -14b (base 15) in base 8?
-450
Convert -3 (base 9) to base 16.
-3
What is -102 (base 6) in base 13?
-2c
What is 11 (base 4) in base 10?
5
What is 127 (base 10) in base 6?
331
What is -11 (base 3) in base 14?
-4
What is 1010 (base 2) in base 9?
11
What is -40 (base 16) in base 12?
-54
-60 (base 8) to base 10
-48
Convert 212 (base 10) to base 2.
11010100
What is -24 (base 12) in base 3?
-1001
Convert 7 (base 13) to base 4.
13
-a (base 14) to base 10
-10
-21022 (base 3) to base 11
-16a
What is 1 (base 3) in base 12?
1
7 (base 11) to base 4
13
Convert -39 (base 16) to base 6.
-133
Convert 30 (base 7) to base 2.
10101
Convert 101 (base 3) to base 14.
a
Convert 2 (base 15) to base 2.
10
113 (base 9) to base 4
1131
What is 25 (base 15) in base 13?
29
Convert 155 (base 14) to base 11.
227
What is -53 (base 10) in base 16?
-35
What is 22 (base 10) in base 11?
20
What is 5 (base 16) in base 15?
5
What is -15 (base 13) in base 16?
-12
What is 103 (base 10) in base 11?
94
Convert -57 (base 14) to base 4.
-1031
What is -40 (base 8) in base 9?
-35
Convert -10 (base 8) to base 4.
-20
Convert 1 (base 10) to base 11.
1
1021 (base 4) to base 8
111
Convert -152 (base 13) to base 7.
-455
-23 (base 10) to base 8
-27
-57 (base 12) to base 14
-4b
What is 22 (base 6) in base 10?
14
Convert -15 (base 7) to base 15.
-c
What is -b (base 14) in base 5?
-21
Convert -25 (base 10) to base 4.
-121
What is 3 (base 15) in base 11?
3
Convert -11 (base 3) to base 15.
-4
What is 144 (base 15) in base 8?
441
What is 2010 (base 4) in base 11?
110
60 (base 9) to base 11
4a
Convert -20 (base 16) to base 2.
-100000
What is 101 (base 2) in base 9?
5
What is 34 (base 8) in base 11?
26
What is 6 (base 14) in base 12?
6
What is -24 (base 12) in base 14?
-20
-2 (base 7) to base 4
-2
Convert -4 (base 9) to base 16.
-4
What is -1 (base 15) in base 11?
-1
What is 124 (base 11) in base 15?
9c
-11 (base 2) to base 3
-10
Convert -2 (base 6) to base 8.
-2
Convert 50 (base 13) to base 12.
55
Convert 67 (base 9) to base 6.
141
1122 (base 4) to base 3
10100
Convert -20 (base 7) to base 14.
-10
-b (base 16) to base 12
-b
What is 51 (base 8) in base 2?
101001
17 (base 10) to base 6
25
What is c3 (base 13) in base 2?
10011111
What is 19 (base 12) in base 6?
33
-3 (base 16) to base 15
-3
Convert 5 (base 6) to base 14.
5
-1 (base 13) to base 11
-1
68 (base 14) to base 12
78
100111 (base 2) to base 4
213
What is -101111 (base 2) in base 5?
-142
-8 (base 16) to base 4
-20
Convert -96 (base 13) to base 7.
-234
Convert -13 (base 5) to base 4.
-20
Convert 1 (base 9) to base 7.
1
-8 (base 10) to base 8
-10
Convert 30 (base 11) to base 6.
53
-32 (base 4) to base 2
-1110
Convert -41 (base 8) to base 11.
-30
Convert -7 (base 16) to base 2.
-111
Convert -45 (base 9) to base 14.
-2d
-10101001 (base 2) to base 7
-331
-9 (base 10) to base 9
-10
-1 (base 5) to base 7
-1
-30 (base 5) to base 3
-120
What is -12 (base 3) in base 13?
-5
Convert -70 (base 9) to base 2.
